05
What is 294 (base 14) in base 2?
1000001010
What is 10651 (base 9) in base 6?
52501
Convert 5970 (base 12) to base 16.
2724
Convert -1732 (base 11) to base 8.
-4245
Convert 1131031 (base 4) to base 6.
43341
Convert -32829 (base 12) to base 14.
-1a50d
-20 (base 9) to base 11
-17
Convert -12b89 (base 12) to base 7.
-135312
-420 (base 8) to base 13
-17c
Convert 101010101 (base 2) to base 5.
2331
What is 13473 (base 9) in base 16?
23b2
-667 (base 15) to base 10
-1447
What is -311231 (base 4) in base 10?
-3437
25406 (base 7) to base 16
1a3f
Convert 113213 (base 4) to base 3.
2001222
123400 (base 7) to base 15
6b74
What is -10001111010 (base 2) in base 5?
-14041
Convert -24982 (base 10) to base 3.
-1021021021
Convert 101000122 (base 3) to base 16.
1c8b
31727 (base 9) to base 2
101001000001100
What is 1232 (base 5) in base 4?
3000
What is 1422a (base 13) in base 9?
56664
44 (base 16) to base 9
75
What is -7268 (base 11) in base 6?
-112333
Convert 1003333 (base 4) to base 8.
10377
Convert -6c6 (base 16) to base 7.
-5025
5325 (base 9) to base 5
111121
c828 (base 15) to base 9
64062
-46844 (base 9) to base 12
-1614a
-110123 (base 4) to base 15
-5c2
Convert 65 (base 12) to base 7.
140
What is -102021211 (base 3) in base 13?
-3991
-1113 (base 7) to base 16
-192
Convert -2201011 (base 3) to base 15.
-8ba
Convert -42221 (base 5) to base 15.
-c76
What is -1880 (base 13) in base 10?
-3653
What is 63b0 (base 16) in base 15?
7865
-102132 (base 5) to base 12
-1b89
-321202 (base 4) to base 15
-1157
What is -12303 (base 5) in base 10?
-953
Convert -12130311 (base 4) to base 16.
-6735
What is -334 (base 8) in base 2?
-11011100
-214020 (base 5) to base 9
-11115
Convert 30112 (base 6) to base 4.
331130
Convert -1cc1 (base 13) to base 11.
-3324
Convert -7621 (base 11) to base 6.
-114334
Convert -1101010000 (base 2) to base 8.
-1520
What is -112210 (base 5) in base 14?
-1699
What is -bd7 (base 14) in base 2?
-100100101001
What is 3d (base 14) in base 16?
37
What is 14411 (base 14) in base 6?
1024211
What is -130233 (base 5) in base 12?
-2b24
-11031 (base 5) to base 16
-2fe
What is 712 (base 11) in base 8?
1534
What is -226 (base 11) in base 12?
-1a6
Convert -20011221 (base 3) to base 4.
-1012123
Convert 227 (base 15) to base 14.
26b
70cd (base 15) to base 12
1194a
Convert 2172 (base 8) to base 13.
6a2
1b7c (base 14) to base 6
35110
15552 (base 9) to base 2
10100110100010
Convert 10231303 (base 5) to base 2.
10101000110110101
What is 1736 (base 12) in base 4?
223122
2c0 (base 15) to base 10
630
What is -66c (base 15) in base 14?
-75a
Convert -11321 (base 4) to base 10.
-377
What is -210131 (base 4) in base 6?
-14445
-1130 (base 10) to base 9
-1485
-2302 (base 7) to base 3
-1010221
3987 (base 11) to base 15
1802
What is 8944 (base 10) in base 13?
40c0
Convert -925 (base 10) to base 7.
-2461
-1021011102 (base 3) to base 14
-910d
-34013 (base 11) to base 13
-19564
What is 1405 (base 8) in base 9?
1048
Convert 200 (base 4) to base 7.
44
-9418 (base 12) to base 9
-24132
What is -1636b (base 12) in base 3?
-1121101002
Convert 74 (base 10) to base 15.
4e
-6 (base 9) to base 4
-12
Convert -34021 (base 5) to base 12.
-146a
-339 (base 13) to base 16
-22b
What is 151b (base 13) in base 5?
44231
What is -3413 (base 5) in base 13?
-2b2
Convert -116 (base 10) to base 16.
-74
What is -316 (base 9) in base 16?
-102
What is -24776 (base 9) in base 14?
-6110
Convert 293 (base 12) to base 5.
3044
Convert 4442 (base 8) to base 3.
10012121
-107e (base 15) to base 3
-11210102
-309 (base 12) to base 7
-1200
113442 (base 6) to base 11
7481
What is 269 (base 11) in base 12?
225
Convert -b79 (base 16) to base 3.
-11000210
Convert 10001111101111 (base 2) to base 13.
4258
Convert -735 (base 14) to base 8.
-2613
Convert -30711 (base 8) to base 9.
-18431
What is 102213 (base 4) in base 12?
833
Convert -202002110 (base 3) to base 2.
-11100100110110
Convert 1b50 (base 12) to base 13.
16c5
What is -164 (base 13) in base 16?
-fb
What is -210051 (base 6) in base 8?
-40757
What is -201 (base 10) in base 6?
-533
28a (base 13) to base 12
318
What is 1321 (base 5) in base 14?
111
What is -2af7 (base 16) in base 15?
-33d4
Convert -271 (base 15) to base 4.
-20230
458 (base 15) to base 6
4315
3213 (base 14) to base 8
20701
What is 101211 (base 6) in base 9?
12057
Convert -16733 (base 9) to base 10.
-11532
What is 566 (base 11) in base 12?
485
Convert 2120212 (base 3) to base 7.
5333
What is 111102 (base 3) in base 10?
362
-6a27 (base 16) to base 8
-65047
What is -111311 (base 4) in base 7?
-4034
What is -8833 (base 10) in base 8?
-21201
Convert 6654 (base 9) to base 7.
20212
What is 335 (base 11) in base 6?
1505
What is -ea9c (base 16) in base 14?
-17c60
1111222 (base 3) to base 11
916
Convert -33222 (base 6) to base 5.
-121442
What is 10040 (base 5) in base 14?
341
Convert a0b (base 14) to base 10.
1971
Convert 23 (base 12) to base 8.
33
10236 (base 7) to base 4
213132
-2200120 (base 3) to base 10
-1959
What is -114440 (base 5) in base 13?
-1cb2
Convert -535 (base 8) to base 11.
-298
What is -453 (base 11) in base 16?
-21e
What is -6203 (base 7) in base 3?
-2221222
Convert -23171 (base 8) to base 11.
-7444
Convert -4355 (base 6) to base 13.
-5c6
Convert -1023035 (base 6) to base 2.
-1100001011111111
1010010011 (base 2) to base 3
220102
-32134 (base 7) to base 8
-17433
What is 31a (base 11) in base 15?
1a9
-7112 (base 9) to base 7
-21101
-2212120 (base 3) to base 4
-200232
Convert 1011111001 (base 2) to base 9.
1035
Convert -33d1 (base 15) to base 7.
-44026
Convert 3632 (base 7) to base 9.
1755
5202 (base 7) to base 8
3427
2027 (base 10) to base 16
7eb
Convert 21 (base 14) to base 2.
11101
What is 22301 (base 5) in base 2?
11000101000
What is 2220010 (base 3) in base 7?
6102
Convert -699 (base 13) to base 15.
-510
Convert -4161 (base 9) to base 4.
-233230
Convert 222 (base 3) to base 10.
26
What is 110100000101101 (base 2) in base 16?
682d
What is -1220 (base 6) in base 13?
-1a1
Convert -110111011 (base 2) to base 6.
-2015
-518 (base 9) to base 2
-110100110
-17b6 (base 15) to base 5
-130441
Convert -11204 (base 8) to base 13.
-2208
-222221020 (base 3) to base 13
-8c25
10b (base 12) to base 10
155
Convert -2b6 (base 15) to base 14.
-325
Convert -1964c (base 13) to base 4.
-30010010
What is -483 (base 14) in base 9?
-1208
Convert -770 (base 14) to base 5.
-21340
What is -57 (base 15) in base 13?
-64
Convert 1303023 (base 5) to base 15.
77c8
Convert 1e9e (base 15) to base 3.
100011012
What is 20222020 (base 3) in base 12?
2b36
What is -90a9 (base 14) in base 7?
-132302
-671 (base 9) to base 2
-1000100110
Convert 1fe (base 16) to base 13.
303
Convert 93 (base 10) to base 3.
10110
Convert 2212 (base 6) to base 3.
200222
What is 20445 (base 7) in base 9?
6810
What is -48a9 (base 11) in base 2?
-1100100001011
Convert 199 (base 11) to base 2.
11100101
Convert 12211000 (base 3) to base 11.
3204
-501 (base 8) to base 7
-636
What is 222103 (base 4) in base 3?
10201021
-361 (base 10) to base 8
-551
What is 266 (base 15) in base 9?
666
-177 (base 13) to base 10
-267
Convert -806 (base 11) to base 2.
-1111001110
Convert -3483 (base 16) to base 13.
-6171
Convert -1012112 (base 3) to base 6.
-4022
-200001 (base 3) to base 9
-601
-20ad (base 16) to base 12
-4a11
-33ba (base 12) to base 16
-167e
What is -2330 (base 8) in base 2?
-10011011000
-1010100111111 (base 2) to base 12
-3193
Convert -1222121 (base 3) to base 11.
-10a6
11440 (base 9) to base 7
31206
Convert -4550 (base 8) to base 15.
-aa8
200332 (base 4) to base 11
1649
Convert -268 (base 12) to base 10.
-368
201334 (base 6) to base 12
924a
1183 (base 11) to base 2
11000000111
Convert -6174 (base 10) to base 2.
-1100000011110
-435 (base 9) to base 5
-2411
What is -11512 (base 11) in base 4?
-10003032
11101101010001 (base 2) to base 13
6bb1
-12 (base 13) to base 15
-10
-1299 (base 13) to base 7
-10521
What is -5065 (base 8) in base 3?
-10120210
What is 12123 (base 6) in base 10?
1779
What is 1050 (base 13) in base 6?
14250
What is 230330 (base 5) in base 8?
20027
What is -c71 (base 16) in base 2?
-110001110001
What is 1b4e (base 15) in base 8?
13444
10110100000 (base 2) to base 11
109a
-841 (base 10) to base 11
-6a5
What is -11582 (base 9) in base 11?
-5923
What is 